s + m. List the prime factors of b.
3
Suppose -133 = -3*p + 2*l, 2*l = -3*p + 6*l + 137. What are the prime factors of p?
43
Let a(t) = 3*t**2 - 9*t + 29. What are the prime factors of a(10)?
239
Let r(p) = p + p**2 - 2*p**2 + 0*p. Let m be r(0). Suppose m = -3*d + 5*j + 30, -d + 20 = d - 5*j. List the prime factors of d.
2, 5
Suppose 8*b - 542 - 778 = 0. List the prime factors of b.
3, 5, 11
Suppose 5*c = -0*c - 60. Let w be ((-366)/c)/(2/4). Suppose -2 = -2*z - 2*o + 24, 5*z - w = -3*o. What are the prime factors of z?
11
Let i(x) = 7*x - 8. What are the prime factors of i(5)?
3
Let t = 8 - 3. Let k(q) = 7*q**2 - 3*q + 3. Let s(h) = -h**2 - 1. Let i(u) = k(u) + 6*s(u). List the prime factors of i(t).
7
Let p be (-2)/8 + 462/24. Let v = -13 + p. List the prime factors of v.
2, 3
Suppose 0*f + 5*f = -365. Let n = f - -132. What are the prime factors of n?
59
Suppose h - 79 - 59 = 0. What are the prime factors of h?
2, 3, 23
Suppose 0 = -2*m + 6 - 0. Suppose -m*x + x = 0. Suppose x = h - 2*c - 16 - 7, -49 = -3*h + 2*c. List the prime factors of h.
13
Let p(g) = 4*g**3 - 2*g**2 + 4*g + 1. What are the prime factors of p(2)?
3, 11
Let j(k) = k. Let s be j(2). Suppose -2*m + s*v = 4*v - 34, -m + 37 = -4*v. What are the prime factors of m?
3, 7
Suppose -90 = -8*f + 62. What are the prime factors of f?
19
Suppose h - 39 = -2. List the prime factors of h.
37
Suppose 0 = -2*f - 10*f + 24. Suppose -2*g - 2 = -4. Suppose -g = -f*o + 5. What are the prime factors of o?
3
Let b = 8 - 5. Let i be 23/b - (-4)/(-6). Let c = 16 - i. List the prime factors of c.
3
Suppose -5*r = 3*p + 1, 0*r + 3*r = -5*p + 25. Let k(z) = z**3 - 9*z**2 + 9*z - 3. Let b be k(p). Suppose -56 = s - b*s. List the prime factors of s.
2, 7
Suppose -4*n + 1116 = 4*h - 2*n, 2*n = 3*h - 851. List the prime factors of h.
281
Let l = -22 + 370. List the prime factors of l.
2, 3, 29
Let g = -23 + 89. Suppose -4*s + s = -g. List the prime factors of s.
2, 11
Suppose 3*x - 40 = -2*x + 5*p, -2*x + 5*p = -28. Suppose -x*k + 117 = -k. Suppose k = 3*i - 2*f, -2*i + 24 + 1 = -f. What are the prime factors of i?
11
Suppose 0 = -t + 5*n + 44, 0 = -t + 3*t - 5*n - 73. What are the prime factors of t?
29
Let q be (-3)/3*3 - -3. Suppose 5*s - 44 - 41 = q. List the prime factors of s.
17
Let n = 2 + 0. List the prime factors of 175/14 - (-1)/n.
13
Let o(t) = -8 + 1 + 27*t + 3. Let u be o(-4). List the prime factors of u/(-6) - 8/(-24).
19
Suppose 3*w - 9 - 12 = 0. List the prime factors of w.
7
Let r(l) = l**2 - 2. Suppose -3*a + 14 = 2. What are the prime factors of r(a)?
2, 7
Let t(s) = -16*s + 7. What are the prime factors of t(-4)?
71
Let a(i) = 3*i**2 + 2*i + 1. Let v be a(-1). Let x(w) = 7*w + 1. What are the prime factors of x(v)?
3, 5
Let h(w) = -w + 1 + 5*w - 4*w**2 - w**3 + 3*w**2. Let m be h(-3). Suppose 43 - m = 4*j. List the prime factors of j.
3
Let q(r) = -1. Let h(b) = -b**2 + b + 1. Let g = -10 + 6. Let k(w) = g*q(w) - h(w). What are the prime factors of k(3)?
3
Suppose 9 = 5*s - 1. Suppose -l = -s*k + 7, 3*l = 5*l - 5*k + 18. Suppose 4*a - l = 7. List the prime factors of a.
2
Let i(f) = 2*f - 2. Let p = 6 + -4. Let r be i(p). What are the prime factors of r/(-11) + 123/11?
11
Let w = 20 + -20. Suppose -3*o = -5*f - 139 + 8, w = 5*o + 3*f - 173. List the prime factors of o.
37
Let b(w) = -w**3 - 5*w**2 - 2*w - 4. Let g = -2 - -4. Let y be -4 + 1*(-2)/g. List the prime factors of b(y).
2, 3
Let g(o) = -14*o - 5. Let k(r) = -9*r - 3. Let t(p) = -5*g(p) + 8*k(p). Let v be t(1). What are the prime factors of 16 + -2*(v - -2)?
2, 7
Suppose -5*l = 5*q + 178 - 43, -2*l = 5*q + 42. Let t = l + 53. What are the prime factors of t?
2, 11
Suppose -p = 2, -5*p - 14 = 3*l - 4. Suppose l*s - 14 = -2*s. List the prime factors of s.
7
Let g be (-2 - (-12)/3) + 0. Suppose 2*p = -5*q + 57, q = -0*p - g*p + 69. Suppose 5*z = p + 19. What are the prime factors of z?
11
Let j be 112/11 - (-14)/(-77). Let r(u) = 4*u - 14. What are the prime factors of r(j)?
2, 13
Suppose 2*c + s - 258 = 6*s, -4*s + 544 = 4*c. What are the prime factors of c?
2, 67
Suppose 2 = -3*o + 11. Let a(h) = -o*h**2 - h**2 + 12 + 3*h**2 - h. List the prime factors of a(0).
2, 3
Let z(h) = h**3 - 4*h**2 + h + 2. What are the prime factors of z(5)?
2
Suppose -2*o - 10 = 0, -35 = -5*p - o + 5*o. Suppose 0 = -l - p*l + 4, -3*q - 3*l = -42. What are the prime factors of q?
13
Suppose 10*l - 5*l + h - 64 = 0, -4*h + 22 = 2*l. List the prime factors of l.
13
Let p(h) be the first derivative of h**2/2 - h - 1. Let z be p(7). Suppose -z = -6*x + 3*x. What are the prime factors of x?
2
Suppose 0 = 6*x - 1 - 11. Suppose -6*g - 20 = -g, -3*c - x*g = -52. What are the prime factors of c?
2, 5
Let h(m) = 3*m + 6. Let z be h(6). Suppose -o = 2*o + 4*x - z, x = 0. List the prime factors of o.
2
Let i(z) = z**3 - z**2 - 2*z + 3. Suppose 0 = -2*o - 3*y - 2*y + 24, y - 4 = 0. What are the prime factors of i(o)?
3
Suppose 3*h + 150 = 13*h. Let o = -4 + 14. Let x = h - o. What are the prime factors of x?
5
Let d = -1 + -5. What are the prime factors of (d/6)/((-1)/21)?
3, 7
Suppose 3*h = 2*h - 3, 2*y = 2*h. Let k(t) = -2*t + 1. List the prime factors of k(y).
7
Let v(y) = -y**2 + 6*y - 4. Let t be v(4). Let x = -4 + t. Let n(u) = u**2 - u + 18. List the prime factors of n(x).
2, 3
Let i(d) be the third derivative of -d**5/60 - 11*d**4/24 - 11*d**3/6 + d**2. What are the prime factors of i(-9)?
7
Let y(c) = 7*c - 34. What are the prime factors of y(9)?
29
Let o = 1 - -16. Let b = o - 9. What are the prime factors of b?
2
Let w(z) = 4*z**2 - 3*z + 9. What are the prime factors of w(-5)?
2, 31
Let s be 6/(-4)*16/6. Let b(p) = -2*p - 5. What are the prime factors of b(s)?
3
Let x = 15 - 11. Let v = x + 1. What are the prime factors of v?
5
Let d be 5 - (1 - (0 + -2)). Suppose -j + 5 = 0, 41 = 3*a - 0*j - d*j. List the prime factors of a.
17
Let b(o) = 2*o**2 - 3*o + 5*o - 4*o - 2. Let w be b(4). What are the prime factors of 4/(-6) - w/(-6)?
3
Suppose 2*u = -6*u + 824. What are the prime factors of u?
103
What are the prime factors of 1497/21 - 2 - (-8)/(-28)?
3, 23
Let j(h) = -h**2 + 7*h - 5. Let d = 9 - 5. What are the prime factors of j(d)?
7
Let y = -118 - -169. List the prime factors of y.
3, 17
Let k = -66 - -85. What are the prime factors of k?
19
Let v be 187 - 6*(-3)/6. Suppose -3*g = -8 - v. Suppose 0 = 4*o + 5*n - 58, 0 = -3*o - 2*o - 3*n + g. List the prime factors of o.
2, 3
Let u = 9 + -9. Suppose u*a + 40 = -5*a - 2*z, -3*a - 23 = z. Let d(s) = -s**2 - 6*s + 5. What are the prime factors of d(a)?
5
Let s(l) = 3*l + 1. Let v be s(-5). Let y = 23 + v. What are the prime factors of y?
3
Let d be 6 + ((-9)/3 - -1). Suppose -d*y - 22 = -2*p + 16, 2*y + 4 = 4*p. Let t = 18 + y. What are the prime factors of t?
2, 3
Let p(k) = k**2 + 11*k + 3. Let x be p(-11). Suppose 0 = -c - x*c + 168. What are the prime factors of c?
2, 3, 7
Let k = 264 - 100. What are the prime factors of k?
2, 41
Suppose 0 = -l + p + 3, -2*l + 0*p = 5*p + 1. Suppose -17 = 2*o + 5*m - 74, l*o + 3*m = 55. List the prime factors of o.
2, 13
Suppose -z + 5*b = -8 - 0, 2*z = -5*b + 16. What are the prime factors of z?
2
Suppose 2*b - 7*b = -425. What are the prime factors of b?
5, 17
Suppose 4*a - r = -5, -2*a = -0*a + r - 5. Suppose -3*p + 18 - 3 = a. Suppose p*o - 4*k - 10 = 0, -k + 1 = -4. What are the prime factors of o?
2, 3
Suppose -a - i + 124 = 0, 4*a - 190 - 308 = -5*i. Suppose -2*t + 5*t = -4*w + a, 3*t - 93 = -3*w. Let r = w + -21. List the prime factors of r.
2
Suppose 4*t = -4, -2*u = u - 5*t - 134. List the prime factors of u.
43
Let g(l) = -13*l**2 - 4*l - 2. Let s(z) = 6*z**2 + 2*z + 1. Let p(c) = 2*g(c) + 5*s(c). Let i be p(-1). Let v(t) = t. List the prime factors of v(i).
3
Let p = 5 - 4. Let a be (2/3)/(p/6). Suppose -a*t = -16, -c - 2*t = t - 17. What are the prime factors of c?
5
Let m(c) = -c - 1. Let o be m(-3). Let h = -22 + 27. Suppose -h*f + 24 = -o*f. What are the prime factors of f?
2
Suppose -2*r + 0*r = -6. List the prime factors of (r - 6) + (1 - -13).
11
Let c be (-1)/(2*(-3)/318). Let t = c + -32. Let k = t - 11. What are the prime factors of k?
2, 5
Suppose -2*r + 6 = 2. What are the prime factors of r?
2
Suppose -5*s = -2*s - 219. List the pri